).
138
Let u(p) = -1969*p + 20512. Give u(11).
-1147
Let h(q) = q**3 + 50*q**2 - 1397*q - 32. Give h(22).
4082
Let a(s) = -s**3 + s**2 - 1480*s + 420. Give a(0).
420
Let y(q) = q**3 + 71*q**2 - 9*q - 697. Determine y(-71).
-58
Let d(n) = n**3 + 109*n**2 - 334*n + 28. Calculate d(-112).
-196
Let d(c) = 80*c**2 - 6969*c + 780. Determine d(87).
-3
Let t(w) = w**3 + 131*w**2 + 494*w - 466. Calculate t(-127).
1312
Let n(a) = 16*a**2 + 1071*a - 2106. What is n(-69)?
171
Let s(z) = -5*z**3 - 331*z**2 - 542*z - 31371. Give s(-66).
45
Let d(t) = -353*t - 61409. Determine d(-174).
13
Let j(z) = -15*z**3 - 154*z**2 + 966*z + 43. Determine j(6).
-2945
Let i(n) = -n**3 - 9*n**2 + 14378*n - 43044. Calculate i(3).
-18
Let x(j) = -5*j**3 - 48*j**2 - 97*j - 6. Give x(-2).
36
Let z(x) = -2*x**3 - 7*x**2 + 245*x + 780. Give z(-11).
-100
Let x(a) = 32*a**2 - 1585*a + 9509. Determine x(7).
-18
Let w(s) = -884*s**2 - 1777*s - 6. Determine w(-2).
12
Let p(s) = 416*s - 2246. Calculate p(6).
250
Let c(j) = 3342*j + 8775. Determine c(-3).
-1251
Let c(q) = 263*q + 8279. Give c(-30).
389
Let y(v) = 107*v**3 + v**2 - 5*v - 8. Determine y(-1).
-109
Let d(g) = 2541*g + 376124. What is d(-148)?
56
Let w(o) = -2*o**2 + 263*o + 14083. Determine w(-41).
-62
Let o(w) = 133*w - 11288. Give o(77).
-1047
Let y(d) = d**3 + 146*d**2 + 1366*d + 793. Determine y(-136).
-23
Let t(m) = 355233*m - 12. Give t(0).
-12
Let a(b) = -13325*b + 1265830. Give a(95).
-45
Let a(w) = -1891*w + 39719. Determine a(21).
8
Let z(g) = 64480*g - 386901. Calculate z(6).
-21
Let k(z) = -3884*z - 139793. Calculate k(-36).
31
Let d(x) = x**3 + 27*x**2 - 3*x - 14. Calculate d(-7).
987
Let z(d) = -1226*d + 566379. Determine z(462).
-33
Let v(y) = -3*y**2 + 922*y + 10235. Calculate v(-11).
-270
Let s(f) = f**2 + 5586*f + 304199. What is s(-55)?
-6
Let n(h) = h**2 + 70283*h + 1054007. Determine n(-15).
-13
Let p(o) = -2110*o - 584406. Give p(-277).
64
Let x(a) = 5665*a - 45315. What is x(8)?
5
Let k(c) = c**2 - 89*c - 841. Determine k(-8).
-65
Let t(z) = z**2 - 4798*z + 593215. Calculate t(127).
-2
Let j(r) = r**3 + 31*r**2 + 122*r + 1975. Calculate j(-30).
-785
Let o(q) = 56*q**2 - 63789*q + 63788. Give o(1).
55
Let h(c) = -3*c**3 - 51*c**2 - 128*c + 51. Give h(-14).
79
Let a(c) = -13*c**3 + 43*c**2 + 125*c - 600. What is a(4)?
-244
Let w(s) = -3*s**3 - 70*s**2 + 38*s - 104. What is w(-23)?
-1507
Let g(n) = -4080*n - 85860. Give g(-21).
-180
Let p(x) = -1348*x - 13775. Give p(-12).
2401
Let f(o) = 2*o**3 - 44*o**2 - 193*o - 15. Calculate f(-4).
-75
Let h(i) = 304273*i + 28. Give h(0).
28
Let b(i) = -94*i**2 - 79*i + 224. Determine b(3).
-859
Let l(x) = 2*x**3 - 86*x**2 + 4246*x - 174840. Give l(42).
-36
Let l(s) = -3*s**3 - 19*s**2 + 55*s + 113. Give l(-10).
663
Let r(f) = 11995*f - 72528. Give r(6).
-558
Let z(w) = -2402*w - 4712. Determine z(-2).
92
Let o(h) = -h**3 + 32*h**2 - 184*h - 58. Give o(27).
-1381
Let c(w) = w**3 - 167*w**2 + 6373*w - 69. What is c(59)?
-10
Let c(u) = -403*u**3 + 7*u**2 + 181*u - 371. What is c(2)?
-3205
Let m(y) = 4*y**2 - 23983*y - 71943. Determine m(-3).
42
Let w(d) = -46774*d + 608059. Determine w(13).
-3
Let m(p) = -16892*p - 16980. Give m(-1).
-88
Let i(g) = -516764*g - 1033515. Determine i(-2).
13
Let b(a) = -a**3 + 11*a**2 - 89*a + 818. Give b(9).
179
Let j(f) = f**3 + 488*f**2 - 2452*f + 20. Give j(5).
85
Let m(v) = 254019*v - 2540175. Calculate m(10).
15
Let d(g) = g**3 - 15*g**2 - 498*g - 196. Determine d(31).
-258
Let o(p) = 705*p - 6357. Determine o(10).
693
Let j(n) = -33*n**2 - 49*n - 1. Determine j(-5).
-581
Let w(o) = -15383*o + 1261404. Determine w(82).
-2
Let f(q) = 144816*q - 1158290. Give f(8).
238
Let c(m) = -m**3 - 3326*m**2 + 897831*m - 1012. Determine c(251).
-8
Let o(m) = m**3 + 140*m**2 - 1041*m - 1754. What is o(-147)?
10
Let u(t) = 12*t**2 + 820*t - 170. Calculate u(-68).
-442
Let m(c) = -1626*c + 22699. What is m(14)?
-65
Let u(c) = 182*c + 32649. Give u(-173).
1163
Let t(d) = -d**2 + 1224*d - 248755. Determine t(257).
-236
Let p(m) = 21*m**3 - 342*m**2 + 417*m - 133. Give p(15).
47
Let f(n) = -991*n + 278437. What is f(281)?
-34
Let k(s) = 2*s**3 + 28*s**2 + 9*s - 71. Determine k(-16).
-1239
Let n(q) = -1184*q + 5606. What is n(5)?
-314
Let d(n) = 408*n - 1229. Calculate d(3).
-5
Let h(t) = 2*t**3 + 295*t**2 - 1275*t - 166840. What is h(-148)?
-44
Let y(v) = 11*v**2 + 8065*v + 8067. Calculate y(-1).
13
Let f(h) = 355*h + 872. What is f(-3)?
-193
Let f(g) = -180074*g - 180393. What is f(-1)?
-319
Let s(x) = x**3 + 471*x**2 + 46531*x + 350. What is s(-330)?
20
Let l(o) = -596*o + 117944. What is l(198)?
-64
Let a(g) = g**2 + 273*g - 86. Give a(0).
-86
Let p(a) = a**3 - 10*a**2 - 46*a + 297. Determine p(5).
-58
Let h(r) = -10*r**2 + 3233*r - 7367. Determine h(321).
16
Let d(p) = -10*p**2 + 1165*p + 10631. Give d(125).
6
Let c(d) = -66*d - 5514. Calculate c(-52).
-2082
Let r(m) = 8608*m - 26154. Calculate r(3).
-330
Let c(j) = 1892*j + 5624. Give c(-3).
-52
Let d(o) = -2*o**2 - 93*o + 1078. Calculate d(17).
-1081
Let u(i) = -238235*i - 714707. Calculate u(-3).
-2
Let h(g) = 4*g**3 + 47*g**2 - 149*g - 117. What is h(-15)?
-807
Let b(f) = -6*f**3 + 48*f**2 + 24*f - 303. Calculate b(7).
159
Let w(b) = -25*b**3 + 9*b**2 - 9*b - 71. Calculate w(-3).
712
Let y(g) = -11520*g + 80527. Determine y(7).
-113
Let m(h) = -57982*h + 115920. What is m(2)?
-44
Let t(a) = 9173*a + 73421. Determine t(-8).
37
Let r(z) = 25667*z + 333728. Determine r(-13).
57
Let n(h) = -4*h**3 + 1992*h**2 - 240605*h - 895. Calculate n(292).
-19
Let r(j) = 38*j**3 + 38*j**2 - 698*j + 1244. What is r(2)?
304
Let f(w) = 269*w - 5814. Calculate f(22).
104
Let s(t) = -t**2 - 132*t + 9264. Give s(50).
164
Let d(w) = 5*w**3 + 32*w**2 - 411*w - 450. Determine d(7).
-44
Let u(g) = 297861*g - 12212317. What is u(41)?
-16
Let r(m) = 5723590*m + 28617949. Calculate r(-5).
-1
Let r(h) = h**2 + 4842*h + 125116. Give r(-26).
-100
Let z(c) = 418*c - 10463. What is z(22)?
-1267
Let n(i) = -2*i**2 + 190*i + 1025. Calculate n(74).
4133
Let i(v) = -35*v**3 - v**2 - v - 62. Determine i(-4).
2166
Let j(h) = 50*h**2 + 54*h - 335. Calculate j(8).
3297
Let f(v) = -11*v**2 - 14133*v - 558564. Calculate f(-1244).
-8
Let b(t) = -4958*t + 128946. What is b(26)?
38
Let s(w) = -6*w**3 + 234*w**2 + 241*w + 7. Determine s(-1).
6
Let d(p) = 883*p - 4530. Calculate d(6).
768
Let d(b) = 2*b**3 + 9*b**2 + 391*b - 3177. Give d(8).
1551
Let o(s) = s**3 - 32*s**2 - 65*s + 251. What is o(34)?
353
Let i(w) = -682*w + 35634. Determine i(54).
-1194
Let s(f) = -5*f**3 - 4*f**2 + 571*f + 3. What is s(-11)?
-107
Let r(v) = -60687*v - 303452. Give r(-5).
-17
Let m(r) = -r**3 + 273*r**2 + 3766*r + 7065. Calculate m(-11).
3
Let o(y) = -y**2 + 1620*y + 344338. Calculate o(-190).
438
Let k(d) = 387225*d - 774565. What is k(2)?
-115
Let j(p) = 2*p**2 + 339*p + 13709. Determine j(-67).
-26
Let p(g) = -75888*g + 75911. Calculate p(1).
23
Let z(g) = -366*g + 2440. What is z(7)?
-122
Let n(u) = -u**2 - 241*u + 216197. Determine n(360).
-163
Let l(f) = 180*f**2 + 1853*f + 11007. Determine l(-6).
6369
Let x(m) = 2*m**3 - 601*m**2 + 328*m - 7843. Calculate x(300).
557
Let n(o) = 4346*o + 39089. Give n(-9).
-25
Let p(f) = f**3 + 37*f**2 + 76*f + 1517. What is p(-36)?
77
Let m(b) = -11*b**2 - 212899*b + 638701. Calculate m(3).
-95
Let b(c) = -127820*c + 3195504. Give b(25).
4
Let v(r) = -873*r - 68262. What is v(-75)?
-2787
Let o(d) = -d**2 - 105*d - 1251. What is o(-15)?
99
Let h(o) = -7*o**3 + 1667*o**2 + 5010*o + 16. Determine h(-3).
178
Let p(q) = 2*q**3 - 392*q**2 + 766*q + 1942. Determine p(194).
2
Let q(x) = -10*x**3 + 40*x**2 + 48*x - 5. Calculate q(5).
-15
Let a(j) = j**3 + 20*j**2 + 31*j + 143. Calculate a(-19).
-85
Let n(x) = 2377*x - 19010. Determine n(8).
6
Let s(x) = 4551*x - 50038. Determine s(11).
23
Let x(a) = a**3 + 25*a**2 + 159*a + 457. Give x(-19).
-398
Let w(t) = 52303*t - 51655. Calculate w(1).
648
Let g(b) = -3*b**2 - 348*b + 688. What is g(2)?
-20
Let a(j) = 3*j**3 - 185*j**2 - 85*j + 21. What is a(62)?
-1405
Let j(s) = 1251416*s - 8759912. Calculate j(7).
0
Let r(u) = -620*u + 8451. What is r(14)?
-229
Let k(z) = 4*z**3 + 28*z**2 - 178*z - 619. Determine k(-10).
-39
Let u(p) = -62001*p - 248369. What is u(-4)?
-365
Let s(h